*d = 75, s - 3*d - 80 = -4*s. Suppose -s*p + 8271 = -2312. Is p composite?
False
Suppose -5*w + 10*w = 30. Suppose w*b - 5845 = b. Is b a composite number?
True
Let a = 15 + -9. Suppose -2*w - 52 = -a*w. Suppose w*u = 12*u + 1657. Is u a composite number?
False
Let h be (1 + -1 + 2)*-2. Let z(i) = 39*i**2 - 5*i + 11. Is z(h) a composite number?
True
Let a = 1 - -2. Let b = -3 - -1. Is (-248)/b - a/3 a prime number?
False
Suppose -297*l + 298*l + 3*z = 51805, 3*l = -3*z + 155439. Is l a composite number?
False
Let d = 5399 + -1845. Is d composite?
True
Is 6 - (-57608 + -2)/10 a composite number?
True
Let w be (-11 + 16)*4/10. Suppose -4*t + 2726 = -w*q, t + 659 = 2*t + 4*q. Is t a prime number?
False
Let h(c) = -c - 8. Let t be h(-6). Let u be -3*(1 - (0 - t)). Is 184 + (-1)/(u - 2) composite?
True
Suppose -3384*y + 3393*y = 345447. Is y a composite number?
True
Let y(q) = -384*q**2 + 4*q + 17. Let r(k) = -256*k**2 + 3*k + 11. Let x(t) = -8*r(t) + 5*y(t). Is x(-2) prime?
False
Let p be (2 - -836)*(-2 + 3). Suppose -5*m + 4*v - 8 = -0, -4*m = -4*v + 8. Suppose m = 9*w - 11*w + p. Is w a composite number?
False
Let h be (-28441)/(-35) + 4/10. Suppose 0 = 3*k - i - 1228, 3*k - h = k - 5*i. Is k a prime number?
True
Suppose -13*k = -90466 - 103533. Is k composite?
False
Suppose -13*m + 1197 = -6*m. Suppose 839 = 5*p + c, -c + 2*c = -p + m. Is p composite?
False
Suppose 2*r + 11892 + 27978 = 4*c, -r = c - 9960. Is c a prime number?
False
Let c(r) = -4*r**3 - 7*r**2 - 38*r + 11. Is c(-10) prime?
True
Let u(s) be the second derivative of -3*s**5/20 - s**4/3 + 2*s**2 + 21*s. Let z be 1/(10/6 + -2). Is u(z) a composite number?
True
Let t = 35 - 35. Suppose 5*y - y - 4*z = 824, -3*y - 2*z + 603 = t. Is y prime?
False
Let b(c) be the second derivative of 20*c**3/3 - 5*c**2/2 - 6*c. Is b(3) prime?
False
Suppose -2*d + 4*d + 4671 = -3*q, 0 = 4*q + 3*d + 6228. Let k = -880 - q. Is k prime?
True
Let b = -5 + 9. Let w(c) = 3*c**3 + 4*c**2 - 6*c + 4. Let t be w(b). Suppose -3*j + t = -1015. Is j a composite number?
True
Let q = 16 + -11. Suppose 4*u - 8519 = 5*r, q*r + 6 = -9. Let l = -1447 + u. Is l prime?
False
Let h(n) = 68*n**2 - n - 2. Let g(q) = q - 1. Let a(v) = 5*g(v) + h(v). Is a(4) a prime number?
True
Suppose 0 = -8*p + 62786 - 2794. Is p a prime number?
True
Is -1*(-8)/(-6) - 972450/(-54) composite?
True
Suppose 95650 = -17*b + 319455. Is b prime?
False
Let f(r) = -r**2 + 10*r + 10. Let t(q) = -q**2 + 13*q + 9. Let g be t(13). Let j be f(g). Let a = j - -24. Is a composite?
False
Let w be 18/(-24) - (-1)/(-4). Let g(i) = -837*i**3 + i**2 - 2*i - 1. Is g(w) prime?
True
Suppose 6*k = -5*k + 35563. Suppose 20 = -4*l, 8*c - l - k = 4*c. Is c a prime number?
False
Suppose -4*o = 3 + 9, 2*o = -m - 6. Suppose -3*d + 3144 + 351 = m. Is d a composite number?
True
Suppose -3*x = 4*n + 10, x + 2 = -4*n - 4. Is (-1)/n*1/(-2)*-1174 a composite number?
False
Suppose 2*y = 5*m - 117, 2*m + 2*y - 3*y = 46. Suppose -5*u - d - 22 = 0, 5*u + 17 = -3*d - 9. Is 10/u*(-3790)/m prime?
True
Let d = -13890 - -32833. Is d prime?
False
Suppose -10*t = -5692 - 19488. Is t composite?
True
Let u = 54728 - 36546. Is u a prime number?
False
Let z be 3 - (-4)/2 - (-3 - -4). Suppose -313 = -3*b - 2*k + 5508, z*k - 8 = 0. Is b composite?
True
Suppose -4*b + 18916 = s - 2377, 0 = -2*s + 3*b + 42641. Is s prime?
True
Is ((-8)/(64/(-36)) - -1)*794 a prime number?
False
Suppose 0 = -z - 701 + 44. Let a = z + 1330. Is a a prime number?
True
Let l(d) = 333*d + 16. Let i(y) = 83*y + 4. Let g(x) = 9*i(x) - 2*l(x). Is g(1) a composite number?
True
Suppose 0 = 5*a - 4 + 19. Is 12/(-10)*24970/(-33) - a composite?
False
Let c(r) = 2*r**2 + 11*r + 16. Is c(13) composite?
True
Let k(f) = f**2 + 7*f - 2. Let p be k(-7). Let z = 7 + p. Is 197 - z/((-10)/8) a prime number?
False
Let g = 51 - 43. Suppose -k = -g*k + 7301. Is k prime?
False
Let s = 15425 - 4663. Is s a composite number?
True
Let t(m) = -1083*m + 56. Is t(-9) composite?
False
Let v(n) = 2165*n - 24. Is v(7) prime?
True
Let o be (-7)/(-3) - (-44)/(-33). Let g(r) = 437*r. Is g(o) a prime number?
False
Is (9/27)/(1/98493) prime?
True
Suppose t - 54154 = -5*i, t + 6736 = 2*i - 14927. Is i prime?
True
Suppose -x + 71 = -f, 2*x + 72 = 4*f + 208. Suppose -c + 8 - 3 = 0. Suppose -l + 2*a + 34 = 0, 0 = -c*l + 5*a + 76 + x. Is l prime?
False
Let o(c) = 11384*c**2 - 53*c + 52. Is o(1) composite?
False
Let j = 8485 - -4753. Is j composite?
True
Suppose -2*h + 4*x = 3*x + 7, 0 = -3*h - x - 13. Let s(k) = k**3 + 3*k**2 - 3*k + 4. Let i be s(h). Let o(z) = z + 257. Is o(i) prime?
True
Let n(m) = -m**3 - 2*m - m - 8 - 6*m**2 + 11. Let d be n(-5). Is (-51)/(d/2 + 2) prime?
False
Suppose -7*d = 730 - 3397. Is d a prime number?
False
Suppose -2*f - 6 + 16 = 0. Suppose -p + f*p - 4996 = 0. Let c = p - 618. Is c a prime number?
True
Let j be -2 + 1 + 2 - -4. Suppose -a - 2296 = -j*i + 3290, 3*a + 3 = 0. Is i composite?
False
Let b(r) = -8078*r + 1. Is b(-2) a composite number?
True
Let x(y) = -7*y - 10*y + 23*y**2 - 25*y + 5. Is x(12) prime?
False
Let d(f) be the third derivative of -f**4/8 + 5*f**3/2 + 5*f**2. Let w be d(6). Is (-3)/w + (253 - 1) a prime number?
False
Let c = 4 - -7. Suppose q - c = -0*q. Is 422/8 - q/(-44) composite?
False
Suppose 0 = -66*k + 56*k + 536470. Is k composite?
True
Let k = 30 + -28. Suppose k*p + 2*p + 3088 = 0. Let a = 1161 + p. Is a a composite number?
False
Suppose -6*m - 89 = -2249. Suppose 0 = -5*o + 5*s + 50 + m, 10 = 2*s. Suppose 3*c - 66 = o. Is c a composite number?
True
Suppose -l + 6*i + 41099 = 4*i, -3*l = i - 123304. Is l prime?
False
Suppose -3*n + 470 = 5*b, -4*n = -b - 852 + 210. Let w = n + 27. Let p = -60 + w. Is p prime?
True
Suppose -2*z + 130 = 564. Is -1 - z - (-6)/2 a composite number?
True
Is 16780 - 136 - (-7 + (-4)/(-2)) prime?
True
Let j(r) = 3*r + 3. Let k be j(0). Suppose 0 = -y - p + 12 + 73, -k*y + 2*p = -245. Is y prime?
True
Let h be (3 + -3)/1 + 0. Let f(z) = 3*z + 4*z**3 + 1 - z + 3*z + h*z**2 - 3*z**2. Is f(5) prime?
False
Let w(i) = 6*i**2 + 18*i + 77. Is w(-15) a prime number?
False
Suppose 2*z + 4*m + 6 = 0, 4*z - 3*z + 4 = -m. Is ((-1563)/(-6))/(z/(-10)) prime?
True
Suppose 3*s - 4 - 5 = 0. Suppose -s*h - 987 = -6*h. Is h a prime number?
False
Let w be 6/8 + (-1994)/(-8) - 3. Suppose 3323 = 4*p + w. Is p a prime number?
True
Let v(m) be the second derivative of -3*m**5/20 + m**4/4 + 2*m**3/3 + 3*m**2 + 2*m. Let h be v(-4). Let w = 453 - h. Is w a prime number?
True
Let y = 6 - 6. Suppose -3*r = y, 4*v = 2*v + r + 158. Suppose 5*k = v + 76. Is k composite?
False
Suppose 66875 + 117200 = 25*a. Is a composite?
True
Suppose -3*s - s = -5*u - 43, -2*s = -2*u - 20. Suppose 2*c = -s*c. Suppose n = z - 396, 4*z + 2*n - 3*n - 1581 = c. Is z prime?
False
Let o = -22663 - -1007. Is 2/(-5) - o/40 composite?
False
Let a be (-2)/(2/((-8)/4)). Suppose 4*q - 776 = a*q - 2*l, 2*q - 3*l - 791 = 0. Is q a prime number?
False
Let h(w) = 3*w**2 + 12*w + 5. Let x be h(-9). Let g = x + 282. Is g a prime number?
False
Suppose 2*f - 5*f = -2070. Let m = f + -283. Is m a composite number?
True
Let n(g) = 8*g**2 + 31*g + 86. Is n(31) a prime number?
False
Let v(t) = -t**3 - 7*t**2 - 5*t + 9. Let j be v(-6). Let s(y) = 27*y**3 - 3*y**2 - 1. Is s(j) a composite number?
False
Let f = 2505 + 15152. Is f a composite number?
False
Let y(c) = 9*c**2 - 9*c + 1. Let d be y(-7). Suppose 5*z - 4*o + 20 = 0, 2*z - o + 1 + 4 = 0. Suppose w - 6 - d = z. Is w composite?
True
Let y = 4623 - 619. Let r = y - 1387. Suppose r + 98 = 5*a. Is a prime?
False
Let d(i) = -2*i**3 + 13*i**2 - 3*i - 5. Let l be d(6). Suppose 6*y + 16331 = l*y. Is y prime?
True
Suppose -62*g = -64*g + 4742. Is g composite?
False
Let c = 117693 - 36992. Is c composite?
False
Suppose -3*k + 5*s + 14 = 0, 0 = -k - 3*s - 3 + 17. Is (k/(-24))/((-2)/14142) composite?
False
Suppose 3*f = 7*f - 24. Let h = 7 - f. Is ((84 - h)/(-1))/(-1) composite?
False
Let n = -5 - -8. Suppose -284 = m - 5*b, -6*m + 1398 = -11*m + n*b. Let h = -192 - m. Is h prime?
False
Let a(r) = -267*r + 12. Let i be a(-7). Suppose -f + 4*b + 1849 = 0, b - 5*b = f - i. Suppose -2*k + f = 3*k. Is k prime?
True
Suppose -17*i + 323156 = 103975. Is i a composite number?
False
Suppose -4*p + 4*